multiple of 27?
True
Is 370 a factor of 1099379?
False
Is 348 a factor of 451068?
False
Is 15 a factor of 311199?
False
Does 4 divide 40812?
True
Is 11222 a multiple of 62?
True
Does 37 divide 350686?
True
Is 284 a factor of 1537973?
False
Does 187 divide 486294?
False
Is 34 a factor of 664938?
True
Does 20 divide 641280?
True
Is 3586990 a multiple of 229?
False
Is 105 a factor of 1431086?
False
Is 219867 a multiple of 2?
False
Is 29952 a multiple of 5?
False
Does 5 divide 5678532?
False
Is 82303 a multiple of 34?
False
Is 5336116 a multiple of 58?
True
Is 22446852 a multiple of 6?
True
Is 115 a factor of 951973?
False
Is 599 a factor of 46258?
False
Is 40 a factor of 2936480?
True
Is 3676127 a multiple of 29?
True
Is 6 a factor of 9282?
True
Does 32 divide 568864?
True
Is 32 a factor of 143968?
True
Is 369040 a multiple of 40?
True
Is 1114063 a multiple of 265?
False
Is 43 a factor of 436235?
True
Is 44 a factor of 80061?
False
Is 5 a factor of 30024?
False
Is 3682008 a multiple of 3?
True
Does 37 divide 320809?
False
Is 16 a factor of 79392?
True
Is 71144 a multiple of 5?
False
Is 299424 a multiple of 24?
True
Does 702 divide 297648?
True
Is 4685682 a multiple of 97?
True
Is 5171366 a multiple of 82?
False
Does 40 divide 2041560?
True
Is 28 a factor of 155207?
False
Is 80 a factor of 1135101?
False
Does 35 divide 820078?
False
Is 10492416 a multiple of 22?
True
Is 114 a factor of 228114?
True
Is 42 a factor of 7665546?
True
Is 9563100 a multiple of 30?
True
Is 244765 a multiple of 74?
False
Does 36 divide 58679?
False
Is 182155 a multiple of 23?
False
Is 240 a factor of 541680?
True
Is 128238 a multiple of 9?
False
Is 1839404 a multiple of 716?
True
Does 48 divide 1143792?
True
Is 3813 a multiple of 93?
True
Does 634 divide 941048?
False
Is 69 a factor of 1368916?
False
Is 397148 a multiple of 388?
False
Is 43 a factor of 4794930?
True
Is 21 a factor of 978621?
True
Is 59400 a multiple of 110?
True
Is 435037 a multiple of 9?
False
Is 2004 a factor of 3168324?
True
Is 14 a factor of 7963181?
False
Is 2479504 a multiple of 248?
True
Is 2102474 a multiple of 454?
True
Does 40 divide 192880?
True
Does 23 divide 36639?
True
Does 2 divide 7791?
False
Does 213 divide 141516?
False
Is 37 a factor of 2017136?
False
Is 356 a factor of 3572426?
False
Does 21 divide 262?
False
Does 280 divide 10019673?
False
Is 34 a factor of 33950?
False
Does 44 divide 358918?
False
Is 19395 a multiple of 45?
True
Is 389 a factor of 2120215?
False
Does 32 divide 64896?
True
Does 237 divide 145518?
True
Does 14 divide 283178?
True
Does 9 divide 212494?
False
Is 57882 a multiple of 11?
True
Does 209 divide 6629898?
True
Does 6 divide 163272?
True
Is 1370774 a multiple of 828?
False
Is 75 a factor of 12530858?
False
Is 39 a factor of 278708?
False
Is 130860 a multiple of 15?
True
Is 165 a factor of 377325?
False
Is 57635 a multiple of 16?
False
Is 1067 a factor of 7686348?
False
Is 129134 a multiple of 39?
False
Is 9277035 a multiple of 12?
False
Is 7840 a multiple of 40?
True
Is 15526 a multiple of 12?
False
Does 72 divide 1141272?
True
Is 329 a factor of 2222569?
False
Is 91 a factor of 16737266?
True
Does 512 divide 269648?
False
Is 41 a factor of 824743?
False
Is 272579 a multiple of 267?
False
Is 11 a factor of 5511134?
False
Does 22 divide 142248?
False
Does 689 divide 2719562?
False
Is 1864980 a multiple of 195?
True
Is 43 a factor of 5436189?
True
Is 225897 a multiple of 31?
True
Is 118208 a multiple of 16?
True
Is 199318 a multiple of 46?
True
Is 2555658 a multiple of 6?
True
Does 344 divide 65530?
False
Does 64 divide 1044608?
True
Is 198 a factor of 20987?
False
Is 2037051 a multiple of 3?
True
Is 377762 a multiple of 22?
True
Does 6 divide 1018776?
True
Is 34 a factor of 2177598?
True
Is 13 a factor of 1740520?
False
Is 512 a factor of 407552?
True
Is 124 a factor of 187124?
False
Is 68757 a multiple of 9?
False
Does 114 divide 114679?
False
Is 22795788 a multiple of 93?
True
Does 271 divide 918329?
False
Does 11 divide 621830?
True
Is 27200 a multiple of 4?
True
Is 100374 a multiple of 17?
False
Does 806 divide 522379?
False
Is 83 a factor of 38180?
True
Does 219 divide 789519?
False
Is 232 a factor of 146538?
False
Does 575 divide 4442450?
True
Is 292481 a multiple of 46?
False
Is 236593 a multiple of 13?
False
Is 703855 a multiple of 15?
False
Is 51 a factor of 960228?
True
Is 434 a factor of 4171608?
True
Does 35 divide 242245?
False
Is 12 a factor of 6885130?
False
Does 13 divide 13169494?
True
Is 77 a factor of 5294597?
True
Is 60 a factor of 305599?
False
Is 18 a factor of 1018966?
False
Is 333418 a multiple of 363?
False
Does 21 divide 747705?
True
Is 97 a factor of 464986?
False
Does 75 divide 5935050?
True
Does 12 divide 466133?
False
Is 287844 a multiple of 51?
True
Is 389 a factor of 331507?
False
Does 13 divide 2590645?
False
Is 39 a factor of 404436?
False
Is 22 a factor of 2703849?
False
Is 143650 a multiple of 25?
True
Is 1405857 a multiple of 84?
False
Does 28 divide 430584?
True
Does 25 divide 942325?
True
Is 8 a factor of 2648850?
False
Is 16996 a multiple of 3?
False
Does 95 divide 16530?
True
Does 394 divide 2270228?
True
Does 32 divide 405792?
True
Does 8 divide 2575517?
False
Is 12135 a multiple of 9?
False
Is 7056077 a multiple of 203?
True
Is 41 a factor of 185935?
True
Is 277 a factor of 115509?
True
Does 11 divide 70917?
True
Does 10 divide 14697208?
False
Does 382 divide 5701732?
True
Does 361 divide 331398?
True
Does 217 divide 21836276?
True
Does 198 divide 5165424?
True
Is 121099 a multiple of 109?
True
Is 121303 a multiple of 43?
True
Is 891951 a multiple of 102?
False
Is 51 a factor of 120666?
True
Is 121 a factor of 2369422?
True
Is 91 a factor of 237055?
True
Does 277 divide 1177531?
False
Is 149958 a multiple of 18?
True
Is 113 a factor of 2670529?
True
Is 9 a factor of 2479752?
True
Does 15 divide 2706742?
False
Is 353927 a multiple of 49?
True
Is 42 a factor of 1816664?
False
Does 63 divide 1698417?
True
Does 72 divide 3295656?
True
Is 5683912 a multiple of 806?
True
Does 25 divide 10186?
False
Is 80 a factor of 6192427?
False
Does 81 divide 172227?
False
Does 3 divide 1812?
True
Does 64 divide 245824?
True
Is 304 a factor of 1078010?
False
Does 311 divide 661963?
False
Is 103 a factor of 1522031?
True
Is 18 a factor of 967356?
True
Is 139 a factor of 66303?
True
Is 314194 a multiple of 8?
False
Is 752414 a multiple of 13?
True
Is 48 a factor of 767184?
True
Is 1282124 a multiple of 37?
True
Does 9 divide 9423?
True
Does 9 divide 250930?
False
Is 312819 a multiple of 169?
True
Does 51 divide 442074?
False
Does 4 divide 215868?
True
Is 15 a factor of 913699?
False
Is 1653236 a multiple of 57?
False
Is 14884102 a multiple of 46?
False
Is 5391808 a multiple of 521?
False
Is 9 a factor of 7472727?
True
Does 50 divide 73350?
True
Does 57 divide 76175?
False
Is 20 a factor of 9268650?
False
Is 40 a factor of 139200?
True
Does 18 divide 222837?
False
Does 33 divide 256817?
False
Is 50039 a multiple of 22?
False
Is 272 a factor of 15264912?
True
Is 55 a factor of 9025940?
True
Is 40 a factor of 72040?
True
Is 362923 a multiple of 625?
False
Is 165792 a multiple of 79?
False
Is 1177 a factor of 2329283?
True
Is 288360 a multiple of 162?
True
Does 176 divide 17111506?
False
Is 727513 a multiple of 1081?
True
Is 6 a factor of 1418466?
True
Does 66 divide 463993?
False
Is 2 a factor of 211107?
False
Does 3 divide 9138?
True
Is 810594 a multiple of 918?
True
Does 19 divide 387364?
False
Does 909 divide 1635396?
False
Does 32 divide 792480?
True
Is 1006539 a multiple of 40?
False
Is 2235 a multiple of 105?
False
Is 179 a factor of 492236?
False
Does 12 divide 191160?
True
Is 252992 a multiple of 118?
True
Is 133 a factor of 13050?
False
Is 109156 a multiple of 58?
True
Is 489 a factor of 1911501?
True
Does 151 divide 12148856?
True
Is 238210 a multiple of 300?
False
Is 25 a factor of 118144?
False
Is 192 a factor of 3781632?
True
Is 574 a factor of 1046208?
False
Does 54 divide 2489909?
False
Does 34 divide 12868694?
True
Is 157 a factor of 2978133?
True
Does 45 divide 117900?
True
Does 113 divide 153285?
False
Does 76 divide 61767?
False
Does 197 divide 80296?
False
Is 46 a factor of 263352?
False
Is 493 a factor of 50286?
True
Is